t common factor of m and 4116.
84
Let t be (-193499)/(-207) - (-2)/9. What is the highest common divisor of 17 and t?
17
Suppose 5*l = 173 + 7. Suppose m + l = 5*z, 0 = -3*z - 3*m + 16 + 2. Calculate the highest common divisor of 77 and z.
7
Suppose 4*r = 5*r - 528. What is the highest common divisor of r and 96?
48
Let p = -771 + 980. What is the greatest common divisor of 55 and p?
11
Let w be 0 + (123 - (0 + 0 + -4)). Let p = w - 64. What is the highest common factor of p and 9?
9
Let q be (-5394)/(-9) - 72/(-108). Calculate the highest common divisor of q and 12.
12
Let p = 1278 - 1124. Calculate the highest common divisor of 21 and p.
7
Let l be (340/60)/((-1)/(-3)). Let z = 19 + 66. What is the highest common divisor of l and z?
17
Let m(f) = -19*f + 52. Let d be m(0). What is the highest common factor of d and 12?
4
Let t = -902 - -935. Calculate the greatest common divisor of t and 110.
11
Suppose 6 = -3*o + 51. Suppose -2*c + 47 - 14 = -g, 0 = 3*g + o. Calculate the highest common divisor of 35 and c.
7
Let m be 200/2*8*(-8)/(-160). What is the highest common factor of m and 5?
5
Let c = -490 - -532. What is the greatest common divisor of c and 273?
21
Let b be (3/5)/(395/(-100) - -4). Suppose b*l - 216 = -36. What is the highest common divisor of l and 240?
15
Let a(h) = 156*h - 32. Let x be a(2). Suppose 0 = 2*o + o - 105. What is the highest common divisor of x and o?
35
Suppose p - 5*p = -64. Let u(c) = 113*c**2 + 2*c + 1. Let h = -16 + 15. Let y be u(h). Calculate the highest common factor of y and p.
16
Let j(f) = -2*f - 2. Let k = -53 + 46. Let g be j(k). Calculate the highest common divisor of g and 4.
4
Let o = -9 - -11. Suppose -15 = -r - o*r. Suppose -u = -0*u + y - 170, -4*u + r*y + 725 = 0. Calculate the highest common divisor of u and 35.
35
Suppose -4*p - 5*s - 29 - 23 = 0, -5*p = 2*s + 48. Let i be (p/14)/((-40)/1820). Calculate the greatest common factor of 39 and i.
13
Let c be ((-420)/(-112))/(3/12). What is the highest common divisor of c and 115?
5
Let a be -3 - -2 - (-1 - -171). Let i = 325 + a. Suppose -p + i = p. Calculate the greatest common divisor of p and 7.
7
Suppose -11*f - 5*v + 4780 = -7*f, -4*f = -v - 4756. What is the greatest common factor of 17 and f?
17
Let l = -17 + 31. Suppose 5*c = 18 - 8. Suppose l = 2*x + c. Calculate the greatest common divisor of x and 30.
6
Let k be ((-2)/5)/((-24)/600). Calculate the greatest common divisor of 5 and k.
5
Let h(a) = -a**2 - 8*a + 2. Let g be h(-10). Let b = -8 - g. Let i be (147/35)/(2/b). Calculate the highest common factor of i and 7.
7
Let v = 8 + -25. Let g = 21 + 3. Let y = v + g. Calculate the greatest common divisor of 7 and y.
7
Suppose -355 = -3*a - 4*i, a + 6*i - 3*i = 120. Calculate the highest common factor of 52 and a.
13
Let d be (15/(-10))/(2/(-216)). Let w = -46 + 38. Let q(s) = s**3 + 9*s**2 + 5*s - 6. Let u be q(w). Calculate the greatest common factor of d and u.
18
Let o be (1/(-3))/(8/(-48)). Let n be ((-16)/6 - -3)/(5/555). Suppose -o*d + n = -1. What is the highest common factor of 209 and d?
19
Let q(s) = -33*s - 2. Let p be q(-1). Suppose -p = -3*f - 16. What is the highest common divisor of 5 and f?
5
Let q = -880 - -925. Let d be 0 + -2 + -1 + 21. What is the highest common divisor of q and d?
9
Let r(y) = 94*y + 97*y + 4 - 197*y. Let o(a) = a - 6. Let k be o(-5). Let t be r(k). Calculate the highest common factor of t and 14.
14
Let p = -13 - -15. Suppose 5*z = 5*u + 33 + p, 5*u = -z - 23. Suppose -z*w + 43 = 1. What is the greatest common factor of w and 7?
7
Suppose -3*k = 2*k - 55. Let g = -9 + k. Let c be -3 + 2 + g + 11. What is the greatest common factor of c and 3?
3
Suppose -3*z + s + 122 = 0, 4*s + 168 = 3*z + z. What is the highest common divisor of z and 48?
8
Let n(k) = k**2 - 1. Let r be n(2). Let t be (-2 - (-30)/9)*r. Suppose 1 + 3 = t*a. What is the highest common factor of 5 and a?
1
Suppose 2*h = -h - 5*w + 1364, -3*h = w - 1348. Suppose -5*j + j + h = 0. Calculate the greatest common factor of 16 and j.
16
Suppose -50 = -5*p + 35. Let y(z) = z**3 - 19*z**2 + 36*z + 10. Let g be y(p). What is the greatest common divisor of 11 and g?
11
Let c be -4*(-3)/(-54) + (-32)/18. Let t be 1/(0 - c - 39/20). Calculate the highest common factor of 8 and t.
4
Let v be (-4)/((-26)/22 + 1). Let b be 198/(-90)*(-10 + 5). Calculate the greatest common divisor of b and v.
11
Let b = 34 + -30. Suppose 3*u - 43 = -b*j, -6 + 43 = 4*j + 5*u. Calculate the highest common factor of 13 and j.
13
Suppose -3*y - 3*o = -24, 2 = -6*o + 7*o. Let t be (-6 + y - -1)/(1/30). Let j be 50*1/5*21. What is the greatest common divisor of t and j?
30
Suppose 3*d - 175 = 32. What is the highest common factor of 46 and d?
23
Let r be (-1 - 31)*(1 - 2). Let n(v) = 2*v**2 + 5*v - 10. Let a be (20/(-10))/(1/(-1)). Let w be n(a). Calculate the greatest common divisor of r and w.
8
Suppose k = 2 + 5. Let o = -30 + 79. What is the greatest common divisor of k and o?
7
Let q(f) = 5*f + 325. Let j be q(50). What is the greatest common divisor of 50 and j?
25
Let b be 18 - -123 - 6/(-2). Suppose -121 = -5*z + 5*h - 46, -4*z = 3*h - 81. Calculate the highest common factor of b and z.
18
Suppose -a = 72 + 18. Let p = 109 + a. Calculate the highest common divisor of 19 and p.
19
Let x(v) = -v**3 + 8*v**2 + 7*v + 9. Let n be x(8). Let h be (48/(-9))/(-4)*-12. Let b be (117/(-12))/(6/h). Calculate the greatest common divisor of n and b.
13
Suppose -4*u = -0 - 4. What is the highest common factor of u and 8?
1
Suppose 4284 = 13*u + 891. Calculate the highest common divisor of 435 and u.
87
Suppose 2*o - 42 = -10. Suppose -q = -199 + o. Let n = -53 + q. What is the greatest common divisor of n and 13?
13
Let p = -57 - -63. Let s be (-44 - 6)/((-4)/10). Suppose p*v - s = v. What is the greatest common factor of 225 and v?
25
Let i(c) = c**3 + 8*c**2 + 7*c - 18. Let k be i(-6). Calculate the greatest common divisor of k and 2004.
12
Let m(y) = -6*y - 4. Let t be m(-6). Let p be 5*((-2)/(-11) - (-9)/11). Suppose -109 - 291 = -p*w. Calculate the highest common divisor of w and t.
16
Let q(f) = f**2 + 6*f - 2. Suppose 20 = 3*k + 41. Let c be q(k). Suppose s + c = 20. Calculate the highest common factor of s and 6.
3
Let i(l) = l**3 - 20*l**2 - 43*l - 59. Let v be i(23). Calculate the greatest common divisor of v and 22.
11
Let j be 8/(-6)*(-567)/18. Calculate the greatest common factor of j and 126.
42
Let o be -1 - 15*-1*(-13 - -14). Calculate the highest common factor of o and 91.
7
Let p be (-4)/(-10) - (-135)/(-25). Let b = p + 5. Let n(w) = -w + 51. Let j be n(b). Calculate the greatest common factor of 34 and j.
17
Let c(x) = 2*x + 6*x + 3 - x + x**2 + 0*x. Let k be c(-8). Let p be 11*((2 - 0) + -1). What is the highest common divisor of k and p?
11
Let o = 274 - 249. Let g be -46*1/(-2) + 2. Calculate the greatest common factor of o and g.
25
Let m be ((-3)/6)/((-23)/3358). What is the highest common divisor of 73 and m?
73
Let r(d) = 2*d**3 - 5*d**2 - 7*d + 19. Let z be r(4). Let t be 1 + -1 + 1 + 0. Suppose -w + 14 = t. Calculate the highest common factor of z and w.
13
Let j(i) = -19*i - 341. Let g be j(-18). Calculate the highest common divisor of g and 43.
1
Suppose 4*o - 6 = -2*s, -5*s + 5 = o + 4*o. Let y = -29 + -14. Let x be (-2 - y) + o - 1. What is the greatest common factor of 28 and x?
14
Let n = -2 - 8. Let m(s) = -3*s + 7. Let z be m(n). Suppose -2*q + z = 7. Calculate the highest common divisor of q and 135.
15
Suppose 8200 = 82*x + 82*x. Let g be (-2)/(-4) - (-1398)/4. Calculate the greatest common divisor of g and x.
50
Let z(x) = x**3 + 30*x**2 + 29*x + 16. Let s be z(-29). What is the highest common factor of 32 and s?
16
Suppose -3 = 2*v + 1. Let a = v - -6. Suppose a*h + h = 165. What is the greatest common divisor of h and 3?
3
Let y(x) = x**2 + 46*x - 342. Let j be y(-52). Suppose -5*g - 690 = 110. Let s be (g/j)/((-2)/(-6)). Calculate the highest common divisor of 16 and s.
16
Let r = -239 + 131. Let h be (-10)/(-4) + 0 - (-54)/r. Let n = -40 - -58. Calculate the greatest common factor of h and n.
2
Let l(a) = -11*a - 16. Let s(c) = -3*c + 37. Let m be s(18). Let f be l(m). Let k be ((-4)/(-2))/(12/114). Calculate the greatest common fa